w) = 16*w**2 - 9*w. Is c(11) composite?
True
Suppose -9 + 4 = -m. Suppose 2*q = 5*k - 337, -3*q = -k - m*q + 65. Is k prime?
True
Let v(i) = i - 1. Let p(a) = -6*a + 4. Let c(n) = -2*p(n) - 10*v(n). Let k be c(-2). Let m(s) = -4*s**3 + 4*s**2 + 4*s + 3. Is m(k) prime?
True
Let k(x) = -x**3 + 2*x**2 + 6*x - 4. Is k(-7) prime?
False
Suppose 50*x - 49*x = 6999. Is x a composite number?
True
Let y be 0/1*2/(-4). Suppose -2*o + 2 + y = 0. Is o/4 + 174/8 composite?
True
Let n(f) = f**2 - 5*f + 2. Let y be n(4). Let i = y + 4. Suppose j - 11 = i*u, 4*u - 14 = -5*j + 13. Is j prime?
True
Let o(v) = v**3 + 4*v**2 - v + 1. Let u be (2/3)/(2/(-30)). Let q = u + 7. Is o(q) a composite number?
False
Let a(j) = 4*j**3 - 6*j**2 + 3*j - 7. Let v be a(4). Suppose -t - 4*t = -v. Is t a prime number?
False
Let k = -1482 + 3641. Is k a prime number?
False
Let x(s) = 7*s**2 + s - 3. Let q = -4 - -1. Is x(q) prime?
False
Suppose -2*r = 6 - 2. Let t = 3 + r. Let u(j) = 88*j + 1. Is u(t) composite?
False
Let j be (-2 + 112 + 0)*2. Suppose 0 = -3*w - 4*u + 23, -w + 5 = -2*w + 5*u. Suppose w*k = k + j. Is k a composite number?
True
Let k be -5 + 5 + 5*1. Let l = 6 + k. Is l/(4/3 - 1) composite?
True
Let g(y) = 4*y**2 + 3*y - 1. Let p be g(4). Let t = -43 - -15. Let m = t + p. Is m prime?
True
Let l(r) = 79*r + 3. Is l(2) a prime number?
False
Let x(u) = -681*u - 2. Let d(l) = 341*l + 1. Let o(v) = 5*d(v) + 3*x(v). Is o(-1) a composite number?
False
Let j = 1039 + -536. Is j a composite number?
False
Suppose -3*l + 0*v - 2*v + 1877 = 0, v = -l + 624. Is l prime?
False
Let d(m) = m**2 + 7*m - 3. Let v be d(-6). Let f = v - -5. Is (-4085)/(-25) - f/(-10) prime?
True
Suppose 0 = 4*p - 0*p - 940. Is p prime?
False
Let c(b) = -b**3 - 22*b**2 - 24*b + 18. Is c(-23) a prime number?
False
Is -2*2 + 1555/5 composite?
False
Let u = -1 + 6. Suppose -u*i + 4*d + 19 = 0, -i + 5 = -2*d - 0*d. Is 132/20 + i/(-5) a prime number?
False
Let y(h) = h + h - 5*h. Let t be y(6). Let s = 25 + t. Is s composite?
False
Let f(h) = -2*h**2 - h + 743. Is f(0) prime?
True
Let c(v) = 24*v**2 - 3*v + 2. Is c(-7) prime?
False
Let u(p) = -p**3 - 8*p**2 - 4*p. Let y(f) = -4*f**3 - 41*f**2 - 20*f + 1. Let v(i) = 11*u(i) - 2*y(i). Let k be v(-5). Let a = k + -100. Is a prime?
False
Let j(x) be the second derivative of 0 + 2*x**2 + 1/6*x**4 - x - 1/2*x**3. Is j(-3) a prime number?
True
Let s be ((-972)/(-16) - -2)*4. Let y = s + 0. Is y prime?
True
Suppose 3 = 3*j - 6. Suppose -3*o - 3*y + 174 = -153, -j*o = -2*y - 352. Let c = o - 27. Is c a prime number?
False
Suppose 0*t + 44 = -4*t. Let r = 2 - t. Is r a prime number?
True
Suppose -l = -v - 2, 3*l - 4*l - 2 = v. Suppose 72 + 18 = 2*g + 5*x, l = 3*g - x - 101. Is g prime?
False
Suppose 835 = 2*j - 307. Is j prime?
True
Suppose -3*p + 53 = 152. Suppose 4*d = 2*j + 258, -4*j + 7*j + 123 = 2*d. Let s = d + p. Is s a composite number?
True
Suppose -2*z - 2*r - 42 = 2, -3*z - 4*r - 64 = 0. Let m be 503/(-5) - z/40. Let i = m - -177. Is i prime?
False
Suppose -6*o + 596 = -2*o. Is o a composite number?
False
Suppose 499 = t - 5*y, 0*y + 3*y - 9 = 0. Is t composite?
True
Is 2 + -1*(-3 - 282) a prime number?
False
Let r(z) = 199*z + 31. Is r(8) a prime number?
False
Suppose -3*p + 129 + 111 = 0. Let o = p + -54. Is o a composite number?
True
Suppose 2*w - 9*w = -1561. Is w a prime number?
True
Let l be (4/(-7))/(4/(-14)). Suppose -2 = -l*w + 636. Is w composite?
True
Let c(k) = 2 - 135*k + 30*k - 1. Is c(-2) prime?
True
Suppose -3*u + 28 = 5*z - 25, 49 = 3*u + 4*z. Let i = 14 + u. Is i a prime number?
False
Let g(x) = x**3 + 8*x**2 - 5*x. Let u be g(-8). Let v = -23 + u. Suppose s = 2 + v. Is s a prime number?
True
Suppose -17 + 5 = 3*o. Let u = 0 + o. Let b = 15 + u. Is b a composite number?
False
Let z(s) = s**3 - 7*s**2 + 7*s - 5. Let l be z(6). Let r(o) = 5*o**3 + o**2. Is r(l) prime?
False
Let h(a) = 2*a**3 - 2*a**2 - 2*a - 1. Let w be h(-1). Let p(l) = -25*l + 2. Is p(w) prime?
False
Let g = -53 + -1. Let m = 638 + g. Suppose h + 3*j - 241 = 0, 2*j + m = 3*h - 161. Is h composite?
True
Let f(c) = 2*c**3 - 7*c**2 + c + 7. Let n be f(7). Let q = n + -146. Is q composite?
False
Is 2/(-6) - 11074/(-21) composite?
True
Let z = -17 + 27. Let g be z/(-4)*(-16)/20. Suppose -h - 68 = -s, -g*s - h = h - 140. Is s composite?
True
Let m = 10 - 1. Let s(j) = 4*j**2 + 1 + m*j**2 - 1 + 1. Is s(1) a composite number?
True
Let r = -67 + 212. Suppose -4*v + 7*v - 9 = 0, -u + r = 2*v. Is u a prime number?
True
Suppose -410 = -16*s + 14*s. Is s composite?
True
Let w(x) = -x + 21. Let n be w(16). Suppose 337 = -n*s + 1402. Is s a prime number?
False
Is 5 - 3 - 4 - -89 prime?
False
Let u(t) = 14*t**3 + t**2. Let r be (-3 - 0)*(-8)/12. Let i be (4/(-2))/(-4)*r. Is u(i) a prime number?
False
Let o = 0 - -5. Let c(y) = 101*y. Let w be c(2). Suppose o*m = 2*d - w, -m = -2*d - 2*m + 178. Is d a prime number?
False
Let j = 104 - 40. Let u be ((-69)/(-4))/(24/j). Is (-2)/3 + u/6 composite?
False
Let u(w) = -92*w + 19. Is u(-5) a composite number?
False
Let i be (0 - (0 - 1))*1. Let b = 40 - i. Is b composite?
True
Suppose 0 = 4*q + q. Is (0 - (74 - q))/(-2) prime?
True
Let d(g) = -g**2 + 8*g - 2. Let q be d(7). Suppose -4*r + r - 5*b = -614, -3*b + 1018 = q*r. Is r a prime number?
False
Let r = 1691 + -723. Let v = r + -451. Is v composite?
True
Suppose 0 = 3*s - 0*y - 3*y + 30, s = 2*y - 15. Suppose 4*n = -2*c - 52, -n - 5*c = -13 + 35. Let f = s - n. Is f composite?
False
Let h be 21/4 + 4/(-16). Suppose 20 = -l - h*o, 0*o = -l + o + 4. Let v = l + 4. Is v prime?
False
Suppose 4*d + 4*o = 1040, 3*d + 2*d - 2*o - 1335 = 0. Suppose -4*p + 1091 + d = 0. Suppose 2*b = -b + p. Is b a prime number?
True
Let l(u) be the third derivative of u**8/6720 + u**7/840 - u**6/240 + u**5/20 - 2*u**2. Let o(f) be the third derivative of l(f). Is o(4) prime?
False
Let u = 727 - 308. Is u composite?
False
Suppose -5211 = -5*a - f, -2*f + 7*f = 4*a - 4163. Is a a composite number?
True
Suppose -3*s + s + 88 = 0. Suppose -j = -5*j + s. Is j a prime number?
True
Suppose 2*d = -0*d + x + 120, -4*x = 3*d - 158. Suppose -2*o + o = -3*b - d, -4*o + 283 = 5*b. Is o a composite number?
False
Let w = 6 + 42. Suppose 36 = a - w. Let x = -53 + a. Is x composite?
False
Let g = -137 + 453. Suppose a = -3*a + g. Is a a composite number?
False
Suppose 0 = -j - 0*j. Suppose -6*d + 2*d + 40 = j. Is d composite?
True
Suppose -3*g + 152 = s, 0*g - 3 = -g. Is s a composite number?
True
Let c(t) = 13 - 2*t**2 - t**3 + 5*t**2 + 6*t**2 - 6*t. Is c(6) a prime number?
False
Let o = -13 + 13. Suppose o*s = 3*s - 333. Is s composite?
True
Let z(x) = -16*x**3 + 2*x**2 + 6*x - 3. Let r be z(-3). Let k(f) = 2*f + 2. Let d be k(3). Suppose -5*w - r = -d*w. Is w a prime number?
False
Let x = -223 - -716. Is x a prime number?
False
Let k be 249 + -3 + 0 + 1. Let h(j) = 101*j**2 - 89*j**2 + k*j**2. Is h(-1) a prime number?
False
Let h be (-1 + 9)/(-1) + 2. Let c be (-46)/4 + 3/h. Let x(s) = -6*s + 13. Is x(c) composite?
True
Suppose 24 = 2*r + 2*r. Is 178/2 + -6 + r composite?
False
Suppose 5*l - 4*g = 37, 0*l = -3*l + 5*g + 17. Let s(f) = 2*f**3 - 12*f**2 - 10*f + 11. Is s(l) a prime number?
False
Let m = -34 + 23. Let v(z) = 2*z**2 - 9*z - 10. Is v(m) a composite number?
False
Let p be 27/6*4/6. Suppose -8 = p*z - 209. Let a = 134 - z. Is a a prime number?
True
Suppose -3*g = 2*g - 1175. Is g prime?
False
Suppose -4*o + 1345 = o. Is o a prime number?
True
Let g = 0 + 17. Suppose d + g = 5*q, 3*q - 5*d - 1 = 18. Let j(k) = k**3 - 3*k + 3. Is j(q) composite?
True
Let k = -89 - -774. Is k a composite number?
True
Let s(t) = 109*t**2 - t - 1. Is s(-1) prime?
True
Let k(w) = 366*w - 19. Is k(10) a composite number?
True
Suppose 0 = 4*h - 9*h + 265. Let p(i) = 4*i**2 - 11*i - 7. Let l be p(5). Let a = h - l. Is a prime?
False
Let k = 41 + -3. Suppose 2*u + 162 = -k. Let m = u - -153. Is m a composite number?
False
Let o(u) = -u + 9. Let d be o(9). Suppose -v = -d*v. Suppose 3*a + 22 - 133 = v. Is a a composite number?
False
Suppose 0 = -0*k - 3*k - 1635. Is (-2 + k)/((-4)/4) prime?
True
Let k be 3 + 0/(3 + -2). Suppose -k*b + 360 = b. Suppose 3*o = -2*s + 18 - 3, 0 = -5*s + 3*o + b. Is s composite?
True
Is -5 + (-1 + -4 - -3827) a com